{"id":131,"date":"2025-12-28T09:53:31","date_gmt":"2025-12-28T09:53:31","guid":{"rendered":"https:\/\/mehmetsalihboga.com\/?page_id=131"},"modified":"2025-12-28T21:05:47","modified_gmt":"2025-12-28T21:05:47","slug":"erken-bosalma","status":"publish","type":"page","link":"https:\/\/mehmetsalihboga.com\/index.php\/erken-bosalma\/","title":{"rendered":"Erken Bo\u015falma"},"content":{"rendered":"\n<div class=\"wp-block-group alignfull has-accent-background-color has-background has-global-padding is-layout-constrained wp-container-core-group-is-layout-669513ed wp-block-group-is-layout-constrained\" style=\"margin-top:0;margin-bottom:0;padding-top:var(--wp--preset--spacing--50);padding-right:var(--wp--preset--spacing--50);padding-bottom:var(--wp--preset--spacing--50);padding-left:var(--wp--preset--spacing--50)\">\n<div class=\"wp-block-columns alignwide is-layout-flex wp-container-core-columns-is-layout-1da03c2a wp-block-columns-is-layout-flex\">\n<div class=\"wp-block-column is-vertically-aligned-stretch is-layout-flow wp-block-column-is-layout-flow\" style=\"flex-basis:50%\">\n<div class=\"wp-block-group is-vertical is-content-justification-stretch is-layout-flex wp-container-core-group-is-layout-444d5ee8 wp-block-group-is-layout-flex\" style=\"min-height:100%\">\n<p class=\"has-text-align-left has-heading-font-family has-x-large-font-size\" style=\"line-height:1.2\"><strong><strong>Erken Bo\u015falma Nas\u0131l Anla\u015f\u0131l\u0131r?<\/strong><\/strong><\/p>\n\n\n\n<div class=\"wp-block-group has-global-padding is-content-justification-left is-layout-constrained wp-container-core-group-is-layout-9fe8ed88 wp-block-group-is-layout-constrained\">\n<p class=\"has-text-align-center\">Her be\u015f erkekten biri cinsel fonksiyon bozuklu\u011fu ya\u015far. A\u00e7\u0131klamak gerekirse, vajinaya girmeden \u00f6nce veya hemen sonra penisin bo\u015falmas\u0131, ki\u015finin iradesi d\u0131\u015f\u0131nda ger\u00e7ekle\u015febilir ve bu da baz\u0131 sorunlara neden olabilir. Bir\u00e7ok doktor, cinsel birle\u015fmenin ger\u00e7ekle\u015fti\u011fi andan itibaren bir dakika i\u00e7inde bo\u015falmay\u0131 erken bo\u015falma olarak kabul eder. Erken bo\u015falman\u0131n tam olarak belirlenmi\u015f bir s\u00fcresi yoktur.<\/p>\n\n\n\n<div class=\"wp-block-buttons is-layout-flex wp-block-buttons-is-layout-flex\"><\/div>\n<\/div>\n<\/div>\n<\/div>\n\n\n\n<div class=\"wp-block-column is-vertically-aligned-center is-layout-flow wp-block-column-is-layout-flow\" style=\"flex-basis:50%\">\n<figure class=\"wp-block-image size-full is-resized is-style-rounded is-style-rounded--1\"><img loading=\"lazy\" decoding=\"async\" width=\"399\" height=\"399\" src=\"https:\/\/mehmetsalihboga.com\/wp-content\/uploads\/2025\/12\/1-Erken-Bosalma-Nasil-Anlasilir.png.jpg\" alt=\"\" class=\"wp-image-233\" style=\"aspect-ratio:0.75;object-fit:cover;width:470px;height:auto\" srcset=\"https:\/\/mehmetsalihboga.com\/wp-content\/uploads\/2025\/12\/1-Erken-Bosalma-Nasil-Anlasilir.png.jpg 399w, https:\/\/mehmetsalihboga.com\/wp-content\/uploads\/2025\/12\/1-Erken-Bosalma-Nasil-Anlasilir.png-300x300.jpg 300w, https:\/\/mehmetsalihboga.com\/wp-content\/uploads\/2025\/12\/1-Erken-Bosalma-Nasil-Anlasilir.png-150x150.jpg 150w\" sizes=\"auto, (max-width: 399px) 100vw, 399px\" \/><\/figure>\n<\/div>\n<\/div>\n<\/div>\n\n\n\n<div class=\"wp-block-group alignfull has-base-2-background-color has-background has-global-padding is-layout-constrained wp-container-core-group-is-layout-669513ed wp-block-group-is-layout-constrained\" style=\"margin-top:0;margin-bottom:0;padding-top:var(--wp--preset--spacing--50);padding-right:var(--wp--preset--spacing--50);padding-bottom:var(--wp--preset--spacing--50);padding-left:var(--wp--preset--spacing--50)\">\n<div class=\"wp-block-group is-vertical is-content-justification-center is-layout-flex wp-container-core-group-is-layout-ce155fab wp-block-group-is-layout-flex\">\n<h2 class=\"wp-block-heading has-text-align-center has-xx-large-font-size\"><strong><strong><strong><strong>Erken Bo\u015falma Sebepleri<\/strong><\/strong><\/strong><\/strong><\/h2>\n\n\n\n<p class=\"has-text-align-center\">Erken bo\u015falman\u0131n tam bir nedeni hen\u00fcz belirlenmemi\u015ftir. Bununla birlikte, altta yatan nedenler zihinsel s\u0131k\u0131nt\u0131lar veya strestir. \u00d6rne\u011fin anksiyete veya depresyon gibi. Hormonal sorunlar, \u00fcrolojik hastal\u0131klar gibi fiziksel bir s\u0131k\u0131nt\u0131 daha az olas\u0131 nedenlerden biri olabilir. Bu durum, uzun s\u00fcre cinsel ili\u015fkiye girmemi\u015f veya yeni bir partner edinmi\u015f erkeklerde daha yayg\u0131nd\u0131r. Ya\u015fland\u0131k\u00e7a ve cinsel deneyimler kazand\u0131k\u00e7a, \u00e7o\u011fu erkek bo\u015falma s\u00fcresini uzatmay\u0131 kontrol edebilir ve \u00f6\u011frenebilir.<\/p>\n<\/div>\n\n\n\n<div style=\"height:100px\" aria-hidden=\"true\" class=\"wp-block-spacer\"><\/div>\n\n\n\n<div style=\"height:var(--wp--preset--spacing--30)\" aria-hidden=\"true\" class=\"wp-block-spacer\"><\/div>\n\n\n\n<div class=\"wp-block-group alignfull has-accent-5-background-color has-background has-global-padding is-layout-constrained wp-container-core-group-is-layout-d89aad35 wp-block-group-is-layout-constrained\" style=\"margin-top:0;margin-bottom:0;padding-top:var(--wp--preset--spacing--50);padding-right:var(--wp--preset--spacing--50);padding-bottom:var(--wp--preset--spacing--50);padding-left:var(--wp--preset--spacing--50)\">\n<div class=\"wp-block-columns alignwide is-layout-flex wp-container-core-columns-is-layout-1da03c2a wp-block-columns-is-layout-flex\">\n<div class=\"wp-block-column is-vertically-aligned-center is-layout-flow wp-block-column-is-layout-flow\" style=\"flex-basis:60%\">\n<figure class=\"wp-block-image aligncenter size-full is-resized is-style-rounded wp-duotone-duotone-1 is-style-rounded--2\"><img loading=\"lazy\" decoding=\"async\" width=\"414\" height=\"401\" src=\"https:\/\/mehmetsalihboga.com\/wp-content\/uploads\/2025\/12\/3-Erken-Bosalma-Tanisi.jpg\" alt=\"\" class=\"wp-image-234\" style=\"aspect-ratio:1.3333333333333333;object-fit:cover;width:564px;height:auto\" srcset=\"https:\/\/mehmetsalihboga.com\/wp-content\/uploads\/2025\/12\/3-Erken-Bosalma-Tanisi.jpg 414w, https:\/\/mehmetsalihboga.com\/wp-content\/uploads\/2025\/12\/3-Erken-Bosalma-Tanisi-300x291.jpg 300w\" sizes=\"auto, (max-width: 414px) 100vw, 414px\" \/><\/figure>\n<\/div>\n\n\n\n<div class=\"wp-block-column is-layout-flow wp-block-column-is-layout-flow\" style=\"flex-basis:40%\">\n<h2 class=\"wp-block-heading has-text-align-center\"><strong><strong><strong><strong><strong>Erken Bo\u015falma Tan\u0131s\u0131<\/strong><\/strong><\/strong><\/strong><\/strong><\/h2>\n\n\n\n<p class=\"has-text-align-center\">Erken bo\u015falma tan\u0131s\u0131 koymak i\u00e7in ilk ad\u0131m, hastan\u0131n doktorla g\u00f6r\u00fc\u015fmesi ve sorunla ilgili ayr\u0131nt\u0131lar\u0131 payla\u015fmas\u0131d\u0131r. Erken bo\u015falmaya neden olan alttaki fakt\u00f6rler, hormonal sorunlar, \u00fcrogenital hastal\u0131klar ve erektil disfonksiyon gibi fiziksel sorunlarsa, gerekli testler ve ara\u015ft\u0131rmalar yap\u0131l\u0131r. Hasta, bo\u015falma s\u00fcresini \u00f6\u011frenebilir. Hastan\u0131n \u015fikayetlerini daha objektif bir \u015fekilde belirlemek i\u00e7in bir dizi anket kullan\u0131labilir.<\/p>\n\n\n\n<div class=\"wp-block-buttons is-layout-flex wp-block-buttons-is-layout-flex\"><\/div>\n<\/div>\n<\/div>\n<\/div>\n<\/div>\n\n\n\n<div style=\"height:100px\" aria-hidden=\"true\" class=\"wp-block-spacer\"><\/div>\n\n\n\n<div class=\"wp-block-columns alignwide are-vertically-aligned-center is-layout-flex wp-container-core-columns-is-layout-47c06fe3 wp-block-columns-is-layout-flex\">\n<div class=\"wp-block-column is-vertically-aligned-center is-layout-flow wp-block-column-is-layout-flow\" style=\"flex-basis:50%\">\n<h2 class=\"wp-block-heading has-text-align-center\"><strong><strong>Erken Bo\u015falma Tedavisi<\/strong><\/strong><\/h2>\n\n\n\n<p class=\"has-text-align-center is-style-checkmark-list\">Erken bo\u015falman\u0131n nedeni kronik prostat iltihab\u0131 veya hipotiroidi gibi farkl\u0131 bir hastal\u0131ksa, bu hastal\u0131\u011f\u0131n tedavi edilmesi erken bo\u015falma rahats\u0131zl\u0131\u011f\u0131n\u0131 iyile\u015ftirebilir.<\/p>\n\n\n\n<p class=\"has-text-align-center\">Davran\u0131\u015fsal ve Bili\u015fsel Tedaviler: Dur-ba\u015fla y\u00f6ntemi ve &#8220;s\u0131kma&#8221; y\u00f6ntemi en yayg\u0131n davran\u0131\u015fsal tedavi y\u00f6ntemleridir. Bu manevralar, penis uyar\u0131lmas\u0131n\u0131 azaltarak bo\u015falma s\u00fcresini uzatmak i\u00e7in tasarlanm\u0131\u015ft\u0131r. S\u0131kma y\u00f6ntemi, ili\u015fki s\u0131ras\u0131nda bo\u015falma hissi geldi\u011finde ili\u015fkiyi keserek, penis u\u00e7 k\u0131sm\u0131n\u0131n bo\u015falma hissi ge\u00e7ene kadar s\u0131k\u0131lmas\u0131 ve bu \u015fekilde bo\u015falmay\u0131 erteleme s\u00fcrecini sa\u011flar.<\/p>\n\n\n\n<p class=\"has-text-align-center\">Birlikte olmadan \u00f6nce mast\u00fcrbasyon yaparak bo\u015falma s\u00fcresini uzatmaya \u00e7al\u0131\u015fan bir\u00e7ok gen\u00e7 erkek vard\u0131r. Toparlanma d\u00f6neminin ard\u0131ndan, mast\u00fcrbasyondan sonra penisin hassasl\u0131\u011f\u0131n\u0131n azalmas\u0131 nedeniyle bo\u015falma daha ge\u00e7 olur.<\/p>\n<\/div>\n\n\n\n<div class=\"wp-block-column is-vertically-aligned-center is-layout-flow wp-block-column-is-layout-flow\" style=\"flex-basis:50%\">\n<figure class=\"wp-block-image size-full is-style-rounded is-style-rounded--3\"><img loading=\"lazy\" decoding=\"async\" width=\"589\" height=\"588\" src=\"https:\/\/mehmetsalihboga.com\/wp-content\/uploads\/2025\/12\/4-Erken-Bosalma-Tedavisi.jpg\" alt=\"\" class=\"wp-image-235\" style=\"aspect-ratio:4\/3;object-fit:cover\" srcset=\"https:\/\/mehmetsalihboga.com\/wp-content\/uploads\/2025\/12\/4-Erken-Bosalma-Tedavisi.jpg 589w, https:\/\/mehmetsalihboga.com\/wp-content\/uploads\/2025\/12\/4-Erken-Bosalma-Tedavisi-300x300.jpg 300w, https:\/\/mehmetsalihboga.com\/wp-content\/uploads\/2025\/12\/4-Erken-Bosalma-Tedavisi-150x150.jpg 150w\" sizes=\"auto, (max-width: 589px) 100vw, 589px\" \/><\/figure>\n<\/div>\n<\/div>\n\n\n\n<div style=\"height:100px\" aria-hidden=\"true\" class=\"wp-block-spacer\"><\/div>\n\n\n\n<div class=\"wp-block-group alignfull has-base-2-background-color has-background has-global-padding is-layout-constrained wp-container-core-group-is-layout-669513ed wp-block-group-is-layout-constrained\" style=\"margin-top:0;margin-bottom:0;padding-top:var(--wp--preset--spacing--50);padding-right:var(--wp--preset--spacing--50);padding-bottom:var(--wp--preset--spacing--50);padding-left:var(--wp--preset--spacing--50)\">\n<div class=\"wp-block-group is-vertical is-content-justification-center is-layout-flex wp-container-core-group-is-layout-ce155fab wp-block-group-is-layout-flex\">\n<h2 class=\"wp-block-heading has-text-align-center has-xx-large-font-size\"><strong><strong>Dikkat edilmeli<\/strong><\/strong><\/h2>\n\n\n\n<p class=\"has-text-align-center\">Egzersiz ve Spor: Erken bo\u015falmay\u0131 tedavi etmek i\u00e7in pelvik taban kaslar\u0131n\u0131 \u00e7al\u0131\u015ft\u0131ran Kegel egzersizleri kullan\u0131labilir. Ki\u015finin cinsel ili\u015fki s\u0131ras\u0131nda bo\u015falaca\u011f\u0131n\u0131 anlad\u0131\u011f\u0131 anda, bu b\u00f6lgenin kaslar\u0131n\u0131 s\u0131karak ve mesane boynundaki kaslar\u0131n da kas\u0131lmas\u0131n\u0131 sa\u011flayarak bo\u015falmay\u0131 kontrol edebilir.<br><br>Lokal Anestezik Krem ve Jeller: Topikal ajanlar, erken bo\u015falmay\u0131 \u00f6nleyebilir. Bu ila\u00e7lar\u0131n en b\u00fcy\u00fck avantaj\u0131, yayg\u0131n olarak g\u00f6r\u00fclen yan etkilerinin olmamas\u0131d\u0131r. Bu tedavide, topikal ajanlar kad\u0131n ve erke\u011fin ili\u015fkiden ald\u0131\u011f\u0131 hazz\u0131 ve orgazm\u0131 azaltabilir.<\/p>\n\n\n\n<p class=\"has-text-align-center\">\u0130la\u00e7 Tedavisi: Erken bo\u015falmay\u0131 tedavi etmek i\u00e7in en yayg\u0131n kullan\u0131lan ila\u00e7lard\u0131r. Tedavide SSRI antidepresan ila\u00e7lar kullan\u0131lmaktad\u0131r. Bununla birlikte, her g\u00fcn al\u0131nd\u0131\u011f\u0131 ve sistemik olarak belirli yan etkilere sahip oldu\u011fu i\u00e7in tercih edilenlerin say\u0131s\u0131 azalmaktad\u0131r. Ayn\u0131 s\u0131n\u0131fta yeni bir ila\u00e7 olan dapoksetin etken maddeli ila\u00e7 sadece ili\u015fkiden \u00f6nce (1 ila 3 saat \u00f6nce) kullan\u0131l\u0131r. Bu ilac\u0131n her g\u00fcn kullan\u0131lmas\u0131 gerekmedi\u011fi ve sistemik yan etkileri olmad\u0131\u011f\u0131 i\u00e7in hastalar tedavilerinde daha mutludur.<\/p>\n\n\n\n<p>Penis \u0130\u00e7in Dolgu Kullan\u0131m\u0131; Hyaluronik asit i\u00e7eren dermal dolgu maddeleri penis ba\u015f\u0131na enjekte edildi\u011finde, penisin a\u015f\u0131r\u0131 duyarl\u0131l\u0131\u011f\u0131 azal\u0131r ve bu da bo\u015falma s\u00fcresini uzat\u0131r. Enjeksiyon i\u015flemi k\u0131sa bir s\u00fcre sonra etkisini kaybeder. \u0130stenilen say\u0131da kez tekrarlanabilir. \u0130\u015flem lokal anestezi alt\u0131nda yap\u0131l\u0131r ve yakla\u015f\u0131k on dakika s\u00fcrer. \u0130\u015flem tamamland\u0131ktan sonra ki\u015fi normal hayat\u0131na devam edebilir.<\/p>\n\n\n\n<p class=\"has-text-align-center\">Dorsal N\u00f6rotomi premat\u00fcr ejek\u00fclasyon tedavisinde kullan\u0131lan cerrahi bir tekniktir. Glans duyarl\u0131l\u0131\u011f\u0131n\u0131 azaltmak i\u00e7in penisin sinir dallar\u0131n\u0131n bir k\u0131sm\u0131n\u0131n mikroskop alt\u0131nda kesilmesine\/yak\u0131lmas\u0131na dayanan giri\u015fimsel bir i\u015flemdir. Ama\u00e7, duyarl\u0131l\u0131\u011f\u0131 d\u00fc\u015f\u00fcrerek erken bo\u015falmay\u0131 engelleyip bo\u015falma zaman\u0131n\u0131 uzatmakt\u0131r.<\/p>\n\n\n\n<p><\/p>\n<\/div>\n\n\n\n<div style=\"height:100px\" aria-hidden=\"true\" class=\"wp-block-spacer\"><\/div>\n\n\n\n<div style=\"height:var(--wp--preset--spacing--30)\" aria-hidden=\"true\" class=\"wp-block-spacer\"><\/div>\n<\/div>\n\n\n\n<p><\/p>\n","protected":false},"excerpt":{"rendered":"<p>Erken Bo\u015falma Nas\u0131l Anla\u015f\u0131l\u0131r? Her be\u015f erkekten biri cinsel fonksiyon bozuklu\u011fu ya\u015far. A\u00e7\u0131klamak gerekirse, vajinaya girmeden \u00f6nce veya hemen sonra penisin bo\u015falmas\u0131, ki\u015finin iradesi d\u0131\u015f\u0131nda ger\u00e7ekle\u015febilir ve bu da baz\u0131 sorunlara neden olabilir. Bir\u00e7ok doktor, cinsel birle\u015fmenin ger\u00e7ekle\u015fti\u011fi andan itibaren bir dakika i\u00e7inde bo\u015falmay\u0131 erken bo\u015falma olarak kabul eder. Erken bo\u015falman\u0131n tam olarak belirlenmi\u015f bir [&hellip;]<\/p>\n","protected":false},"author":1,"featured_media":0,"parent":0,"menu_order":0,"comment_status":"closed","ping_status":"closed","template":"","meta":{"footnotes":""},"class_list":["post-131","page","type-page","status-publish","hentry"],"_links":{"self":[{"href":"https:\/\/mehmetsalihboga.com\/index.php\/wp-json\/wp\/v2\/pages\/131","targetHints":{"allow":["GET"]}}],"collection":[{"href":"https:\/\/mehmetsalihboga.com\/index.php\/wp-json\/wp\/v2\/pages"}],"about":[{"href":"https:\/\/mehmetsalihboga.com\/index.php\/wp-json\/wp\/v2\/types\/page"}],"author":[{"embeddable":true,"href":"https:\/\/mehmetsalihboga.com\/index.php\/wp-json\/wp\/v2\/users\/1"}],"replies":[{"embeddable":true,"href":"https:\/\/mehmetsalihboga.com\/index.php\/wp-json\/wp\/v2\/comments?post=131"}],"version-history":[{"count":4,"href":"https:\/\/mehmetsalihboga.com\/index.php\/wp-json\/wp\/v2\/pages\/131\/revisions"}],"predecessor-version":[{"id":237,"href":"https:\/\/mehmetsalihboga.com\/index.php\/wp-json\/wp\/v2\/pages\/131\/revisions\/237"}],"wp:attachment":[{"href":"https:\/\/mehmetsalihboga.com\/index.php\/wp-json\/wp\/v2\/media?parent=131"}],"curies":[{"name":"wp","href":"https:\/\/api.w.org\/{rel}","templated":true}]}}