{"id":151,"date":"2025-12-28T10:57:29","date_gmt":"2025-12-28T10:57:29","guid":{"rendered":"https:\/\/mehmetsalihboga.com\/?page_id=151"},"modified":"2025-12-28T20:58:19","modified_gmt":"2025-12-28T20:58:19","slug":"adrenal-tumorler","status":"publish","type":"page","link":"https:\/\/mehmetsalihboga.com\/index.php\/adrenal-tumorler\/","title":{"rendered":"Adrenal T\u00fcm\u00f6rler"},"content":{"rendered":"\n<div class=\"wp-block-group alignfull has-accent-background-color has-background has-global-padding is-layout-constrained wp-container-core-group-is-layout-669513ed wp-block-group-is-layout-constrained\" style=\"margin-top:0;margin-bottom:0;padding-top:var(--wp--preset--spacing--50);padding-right:var(--wp--preset--spacing--50);padding-bottom:var(--wp--preset--spacing--50);padding-left:var(--wp--preset--spacing--50)\">\n<div class=\"wp-block-columns alignwide is-layout-flex wp-container-core-columns-is-layout-1da03c2a wp-block-columns-is-layout-flex\">\n<div class=\"wp-block-column is-vertically-aligned-stretch is-layout-flow wp-block-column-is-layout-flow\" style=\"flex-basis:50%\">\n<div class=\"wp-block-group is-vertical is-content-justification-stretch is-layout-flex wp-container-core-group-is-layout-444d5ee8 wp-block-group-is-layout-flex\" style=\"min-height:100%\">\n<p class=\"has-text-align-left has-heading-font-family has-x-large-font-size\" style=\"line-height:1.2\"><strong><strong>B\u00f6brek\u00fcst\u00fc Bezleri<\/strong><\/strong><\/p>\n\n\n\n<div class=\"wp-block-group has-global-padding is-content-justification-left is-layout-constrained wp-container-core-group-is-layout-9fe8ed88 wp-block-group-is-layout-constrained\">\n<p class=\"has-text-align-center\">B\u00f6brek\u00fcst\u00fc bezleri, adrenal bezler veya s\u00fcrrenal bezler olarak da bilinir. B\u00f6breklerin hemen \u00fczerinde bulunan ve bir dizi hayati hormonun sal\u0131n\u0131m\u0131n\u0131 y\u00f6neten iki bezden olu\u015fan bir organd\u0131r.<br><br>Adrenal t\u00fcm\u00f6rler olarak da bilinen b\u00f6brek\u00fcst\u00fc bezinde rastgele tespit edilen kitleler, ya\u015f ilerledik\u00e7e s\u0131kl\u0131kla b\u00fcy\u00fcr. Bu kitleler tipik olarak iyi huyludurlar, cerrahi m\u00fcdahale gerektirmezler ve olmas\u0131 gerekenden fazla hormon \u00fcretmezler.<\/p>\n\n\n\n<div class=\"wp-block-buttons is-layout-flex wp-block-buttons-is-layout-flex\"><\/div>\n<\/div>\n<\/div>\n<\/div>\n\n\n\n<div class=\"wp-block-column is-vertically-aligned-center is-layout-flow wp-block-column-is-layout-flow\" style=\"flex-basis:50%\">\n<figure class=\"wp-block-image size-full is-style-rounded is-style-rounded--1\"><img loading=\"lazy\" decoding=\"async\" width=\"448\" height=\"429\" src=\"https:\/\/mehmetsalihboga.com\/wp-content\/uploads\/2025\/12\/1-Bobrekustu-Bezle.jpg\" alt=\"\" class=\"wp-image-216\" style=\"aspect-ratio:3\/4;object-fit:cover\" srcset=\"https:\/\/mehmetsalihboga.com\/wp-content\/uploads\/2025\/12\/1-Bobrekustu-Bezle.jpg 448w, https:\/\/mehmetsalihboga.com\/wp-content\/uploads\/2025\/12\/1-Bobrekustu-Bezle-300x287.jpg 300w\" sizes=\"auto, (max-width: 448px) 100vw, 448px\" \/><\/figure>\n<\/div>\n<\/div>\n<\/div>\n\n\n\n<div class=\"wp-block-group alignfull has-base-2-background-color has-background has-global-padding is-layout-constrained wp-container-core-group-is-layout-669513ed wp-block-group-is-layout-constrained\" style=\"margin-top:0;margin-bottom:0;padding-top:var(--wp--preset--spacing--50);padding-right:var(--wp--preset--spacing--50);padding-bottom:var(--wp--preset--spacing--50);padding-left:var(--wp--preset--spacing--50)\">\n<div class=\"wp-block-group is-vertical is-content-justification-center is-layout-flex wp-container-core-group-is-layout-ce155fab wp-block-group-is-layout-flex\">\n<h2 class=\"wp-block-heading has-text-align-center has-xx-large-font-size\"><strong><strong><strong><strong>Adrenal T\u00fcm\u00f6rlerin Belirtileri Nelerdir ?<\/strong><\/strong><\/strong><\/strong><\/h2>\n\n\n\n<p class=\"has-text-align-center\">Kitle, hormon sal\u0131n\u0131m\u0131na neden olur ve bu da y\u00fcksek tansiyon, \u00e7arp\u0131nt\u0131, terleme, k\u0131llanma, kilo al\u0131m\u0131, y\u00fczde ve kar\u0131n b\u00f6lgesinde ya\u011flanmalar, sivilcelenme, sinirlilik ve cinsel fonksiyon bozukluklar\u0131 gibi bir\u00e7ok soruna neden olur.<br><br>Kitle \u00e7ok b\u00fcy\u00fcm\u00fc\u015fse, kar\u0131n a\u011fr\u0131s\u0131, kab\u0131zl\u0131k gibi belirtiler verebilir ve kar\u0131nda ele kitle gelebilir. Uzak organ metastaz\u0131 yapm\u0131\u015fsa, bilin\u00e7 bulan\u0131kl\u0131\u011f\u0131, kemik a\u011fr\u0131s\u0131, \u00f6ks\u00fcr\u00fck ve sar\u0131l\u0131k gibi \u015fikayetlere neden olabilir.<\/p>\n<\/div>\n\n\n\n<div style=\"height:100px\" aria-hidden=\"true\" class=\"wp-block-spacer\"><\/div>\n\n\n\n<div style=\"height:var(--wp--preset--spacing--30)\" aria-hidden=\"true\" class=\"wp-block-spacer\"><\/div>\n\n\n\n<div class=\"wp-block-group alignfull has-accent-5-background-color has-background has-global-padding is-layout-constrained wp-container-core-group-is-layout-d89aad35 wp-block-group-is-layout-constrained\" style=\"margin-top:0;margin-bottom:0;padding-top:var(--wp--preset--spacing--50);padding-right:var(--wp--preset--spacing--50);padding-bottom:var(--wp--preset--spacing--50);padding-left:var(--wp--preset--spacing--50)\">\n<div class=\"wp-block-columns alignwide is-layout-flex wp-container-core-columns-is-layout-1da03c2a wp-block-columns-is-layout-flex\">\n<div class=\"wp-block-column is-vertically-aligned-center is-layout-flow wp-block-column-is-layout-flow\" style=\"flex-basis:60%\">\n<figure class=\"wp-block-image aligncenter size-full is-style-rounded wp-duotone-duotone-1 is-style-rounded--2\"><img loading=\"lazy\" decoding=\"async\" width=\"1407\" height=\"254\" src=\"https:\/\/mehmetsalihboga.com\/wp-content\/uploads\/2025\/12\/2-Tani-Nasil-Koyulur.jpg\" alt=\"\" class=\"wp-image-217\" style=\"aspect-ratio:1.3333333333333333;object-fit:cover\" srcset=\"https:\/\/mehmetsalihboga.com\/wp-content\/uploads\/2025\/12\/2-Tani-Nasil-Koyulur.jpg 1407w, https:\/\/mehmetsalihboga.com\/wp-content\/uploads\/2025\/12\/2-Tani-Nasil-Koyulur-300x54.jpg 300w, https:\/\/mehmetsalihboga.com\/wp-content\/uploads\/2025\/12\/2-Tani-Nasil-Koyulur-1024x185.jpg 1024w, https:\/\/mehmetsalihboga.com\/wp-content\/uploads\/2025\/12\/2-Tani-Nasil-Koyulur-768x139.jpg 768w\" sizes=\"auto, (max-width: 1407px) 100vw, 1407px\" \/><\/figure>\n<\/div>\n\n\n\n<div class=\"wp-block-column is-layout-flow wp-block-column-is-layout-flow\" style=\"flex-basis:40%\">\n<h2 class=\"wp-block-heading\"><strong><strong><strong><strong><strong>Tan\u0131 Nas\u0131l Koyulur ?<\/strong><\/strong><\/strong><\/strong><\/strong><\/h2>\n\n\n\n<p class=\"has-text-align-center\">\u0130yi huylu veya k\u00f6t\u00fc huylu ayr\u0131m\u0131, radyolojik tetkiklerle birlikte genel klinik y\u00f6ntemle yap\u0131labilir. Kitle ile hormon testlerinin ili\u015fkisi, a\u015f\u0131r\u0131 hormon salg\u0131s\u0131n\u0131n olup olmad\u0131\u011f\u0131n\u0131 g\u00f6sterir. Bilgisayarl\u0131 Tomografi (BT) veya Manyetik Rezonans (MR) testleri, adrenal t\u00fcm\u00f6rlerin %90 gibi bir oran\u0131n \u00fczerinde k\u00f6t\u00fc huylu veya iyi huylu oldu\u011funu g\u00f6sterebilir.<\/p>\n\n\n\n<div class=\"wp-block-buttons is-layout-flex wp-block-buttons-is-layout-flex\"><\/div>\n<\/div>\n<\/div>\n<\/div>\n<\/div>\n\n\n\n<div style=\"height:100px\" aria-hidden=\"true\" class=\"wp-block-spacer\"><\/div>\n\n\n\n<div class=\"wp-block-columns alignwide are-vertically-aligned-center is-layout-flex wp-container-core-columns-is-layout-47c06fe3 wp-block-columns-is-layout-flex\">\n<div class=\"wp-block-column is-vertically-aligned-center is-layout-flow wp-block-column-is-layout-flow\" style=\"flex-basis:50%\">\n<h2 class=\"wp-block-heading\"><strong><strong>Ameliyatlar Ne Zaman Yap\u0131lmal\u0131d\u0131r?<\/strong><\/strong><\/h2>\n\n\n\n<p class=\"has-text-align-center is-style-checkmark-list\">\u015e\u00fcpheli kitleler, a\u015f\u0131r\u0131 hormon \u00fcretimi ile ba\u011flant\u0131l\u0131 oldu\u011fu d\u00fc\u015f\u00fcn\u00fcld\u00fc\u011f\u00fcnde, 4 santimetreden b\u00fcy\u00fck ya da y\u0131ll\u0131k izlemde 10 milimetreden fazla b\u00fcy\u00fcyorsa riskli olarak d\u00fc\u015f\u00fcn\u00fclmeli ve ameliyat \u00f6nerilmelidir. T\u00fcm\u00f6r i\u015flevselse, yani hormon \u00fcretiyorsa, ilk olarak bir endokrinolog ile birlikte ila\u00e7 tedavisi ba\u015flat\u0131lmal\u0131d\u0131r. Her \u015fey kontrol alt\u0131na al\u0131nd\u0131ktan sonra cerrahi giri\u015fimin tarihi belirlenmelidir.<br>Genel olarak 4 santimetreden k\u00fc\u00e7\u00fck, iyi huylu ve hormon sal\u0131n\u0131m\u0131na neden olmayan kitleler, cerrahi m\u00fcdahale olmadan izlenir. Kitle boyutu ve \u015f\u00fcpheli hormon fazlal\u0131\u011f\u0131 genellikle 6 ay ya da 1 y\u0131l arayla yap\u0131lan tetkikler ve takiplerde yeterlidir. Ameliyata karar verilmi\u015fse, cerrahi i\u015flem a\u00e7\u0131k, robotik veya laparoskopik olabilir. Laparoskopik ve robotik cerrahi deneyimi olan uzmanlar\u0131n tercih edilnesi avantajl\u0131 ve faydal\u0131d\u0131r. Estetik a\u00e7\u0131dan \u00f6nemli bir kesi izinden kurtulman\u0131n yan\u0131 s\u0131ra h\u0131zl\u0131 ve rahat bir iyile\u015fme s\u00fcreci sa\u011flar.<\/p>\n\n\n\n<p class=\"is-style-checkmark-list\"><\/p>\n<\/div>\n\n\n\n<div class=\"wp-block-column is-vertically-aligned-center is-layout-flow wp-block-column-is-layout-flow\" style=\"flex-basis:50%\"><\/div>\n<\/div>\n\n\n\n<div style=\"height:100px\" aria-hidden=\"true\" class=\"wp-block-spacer\"><\/div>\n\n\n\n<p><\/p>\n","protected":false},"excerpt":{"rendered":"<p>B\u00f6brek\u00fcst\u00fc Bezleri B\u00f6brek\u00fcst\u00fc bezleri, adrenal bezler veya s\u00fcrrenal bezler olarak da bilinir. B\u00f6breklerin hemen \u00fczerinde bulunan ve bir dizi hayati hormonun sal\u0131n\u0131m\u0131n\u0131 y\u00f6neten iki bezden olu\u015fan bir organd\u0131r. Adrenal t\u00fcm\u00f6rler olarak da bilinen b\u00f6brek\u00fcst\u00fc bezinde rastgele tespit edilen kitleler, ya\u015f ilerledik\u00e7e s\u0131kl\u0131kla b\u00fcy\u00fcr. Bu kitleler tipik olarak iyi huyludurlar, cerrahi m\u00fcdahale gerektirmezler ve olmas\u0131 gerekenden [&hellip;]<\/p>\n","protected":false},"author":1,"featured_media":0,"parent":0,"menu_order":0,"comment_status":"closed","ping_status":"closed","template":"","meta":{"footnotes":""},"class_list":["post-151","page","type-page","status-publish","hentry"],"_links":{"self":[{"href":"https:\/\/mehmetsalihboga.com\/index.php\/wp-json\/wp\/v2\/pages\/151","targetHints":{"allow":["GET"]}}],"collection":[{"href":"https:\/\/mehmetsalihboga.com\/index.php\/wp-json\/wp\/v2\/pages"}],"about":[{"href":"https:\/\/mehmetsalihboga.com\/index.php\/wp-json\/wp\/v2\/types\/page"}],"author":[{"embeddable":true,"href":"https:\/\/mehmetsalihboga.com\/index.php\/wp-json\/wp\/v2\/users\/1"}],"replies":[{"embeddable":true,"href":"https:\/\/mehmetsalihboga.com\/index.php\/wp-json\/wp\/v2\/comments?post=151"}],"version-history":[{"count":3,"href":"https:\/\/mehmetsalihboga.com\/index.php\/wp-json\/wp\/v2\/pages\/151\/revisions"}],"predecessor-version":[{"id":219,"href":"https:\/\/mehmetsalihboga.com\/index.php\/wp-json\/wp\/v2\/pages\/151\/revisions\/219"}],"wp:attachment":[{"href":"https:\/\/mehmetsalihboga.com\/index.php\/wp-json\/wp\/v2\/media?parent=151"}],"curies":[{"name":"wp","href":"https:\/\/api.w.org\/{rel}","templated":true}]}}