{"id":157,"date":"2025-12-28T11:48:47","date_gmt":"2025-12-28T11:48:47","guid":{"rendered":"https:\/\/mehmetsalihboga.com\/?page_id=157"},"modified":"2025-12-28T21:14:03","modified_gmt":"2025-12-28T21:14:03","slug":"iyi-huylu-prostat-buyumesi-bph","status":"publish","type":"page","link":"https:\/\/mehmetsalihboga.com\/index.php\/iyi-huylu-prostat-buyumesi-bph\/","title":{"rendered":"\u0130yi Huylu Prostat B\u00fcy\u00fcmesi (BPH)"},"content":{"rendered":"\n<div class=\"wp-block-group alignfull has-accent-background-color has-background has-global-padding is-layout-constrained wp-container-core-group-is-layout-669513ed wp-block-group-is-layout-constrained\" style=\"margin-top:0;margin-bottom:0;padding-top:var(--wp--preset--spacing--50);padding-right:var(--wp--preset--spacing--50);padding-bottom:var(--wp--preset--spacing--50);padding-left:var(--wp--preset--spacing--50)\">\n<div class=\"wp-block-columns alignwide is-layout-flex wp-container-core-columns-is-layout-1da03c2a wp-block-columns-is-layout-flex\">\n<div class=\"wp-block-column is-vertically-aligned-stretch is-layout-flow wp-block-column-is-layout-flow\" style=\"flex-basis:50%\">\n<div class=\"wp-block-group is-vertical is-content-justification-stretch is-layout-flex wp-container-core-group-is-layout-444d5ee8 wp-block-group-is-layout-flex\" style=\"min-height:100%\">\n<p class=\"has-text-align-left has-heading-font-family has-x-large-font-size\" style=\"line-height:1.2\"><strong><strong>BPH ne demektir?<\/strong><\/strong><\/p>\n\n\n\n<div class=\"wp-block-group has-global-padding is-content-justification-left is-layout-constrained wp-container-core-group-is-layout-9fe8ed88 wp-block-group-is-layout-constrained\">\n<p class=\"has-text-align-center\">T\u00fcrk\u00e7e&#8217;de BPH, iyi huylu prostat b\u00fcy\u00fcmesi anlam\u0131na gelir. BPH, alt idrar yolu sorunlar\u0131na yol a\u00e7abilir, ya\u015fam kalitesini bozabilir ve idrara \u00e7\u0131kma \u015feklini ve d\u00fczenini de\u011fi\u015ftirebilir.<\/p>\n\n\n\n<div class=\"wp-block-buttons is-layout-flex wp-block-buttons-is-layout-flex\"><\/div>\n<\/div>\n<\/div>\n<\/div>\n\n\n\n<div class=\"wp-block-column is-vertically-aligned-center is-layout-flow wp-block-column-is-layout-flow\" style=\"flex-basis:50%\">\n<figure class=\"wp-block-image size-full is-style-rounded is-style-rounded--1\"><img loading=\"lazy\" decoding=\"async\" width=\"561\" height=\"397\" src=\"https:\/\/mehmetsalihboga.com\/wp-content\/uploads\/2025\/12\/1-BPH-ne-demektir.png.jpg\" alt=\"\" class=\"wp-image-256\" style=\"aspect-ratio:3\/4;object-fit:cover\" srcset=\"https:\/\/mehmetsalihboga.com\/wp-content\/uploads\/2025\/12\/1-BPH-ne-demektir.png.jpg 561w, https:\/\/mehmetsalihboga.com\/wp-content\/uploads\/2025\/12\/1-BPH-ne-demektir.png-300x212.jpg 300w\" sizes=\"auto, (max-width: 561px) 100vw, 561px\" \/><\/figure>\n<\/div>\n<\/div>\n<\/div>\n\n\n\n<div class=\"wp-block-group alignfull has-base-2-background-color has-background has-global-padding is-layout-constrained wp-container-core-group-is-layout-669513ed wp-block-group-is-layout-constrained\" style=\"margin-top:0;margin-bottom:0;padding-top:var(--wp--preset--spacing--50);padding-right:var(--wp--preset--spacing--50);padding-bottom:var(--wp--preset--spacing--50);padding-left:var(--wp--preset--spacing--50)\">\n<div class=\"wp-block-group is-vertical is-content-justification-center is-layout-flex wp-container-core-group-is-layout-ce155fab wp-block-group-is-layout-flex\">\n<h2 class=\"wp-block-heading has-text-align-center has-xx-large-font-size\"><strong><strong><strong><strong>Prostat\u0131n b\u00fcy\u00fcmesinin temel nedeni nedir?<\/strong><\/strong><\/strong><\/strong><\/h2>\n\n\n\n<p class=\"has-text-align-center\">BPH, erkeklerde ya\u015flanma ve hormonal de\u011fi\u015fikliklerle ba\u011flant\u0131l\u0131d\u0131r. 50&#8217;li ve 60&#8217;l\u0131 ya\u015flardaki erkeklerin yar\u0131s\u0131na yak\u0131n\u0131nda ve daha ileri ya\u015f grubundaki hastalar\u0131n yakla\u015f\u0131k %90&#8217;\u0131nda idrar yapma sorunlar\u0131, iyi huylu prostat b\u00fcy\u00fcmesi nedeniyle ortaya \u00e7\u0131kar.<\/p>\n<\/div>\n\n\n\n<div style=\"height:100px\" aria-hidden=\"true\" class=\"wp-block-spacer\"><\/div>\n\n\n\n<div style=\"height:var(--wp--preset--spacing--30)\" aria-hidden=\"true\" class=\"wp-block-spacer\"><\/div>\n\n\n\n<div class=\"wp-block-group alignfull has-accent-5-background-color has-background has-global-padding is-layout-constrained wp-container-core-group-is-layout-d89aad35 wp-block-group-is-layout-constrained\" style=\"margin-top:0;margin-bottom:0;padding-top:var(--wp--preset--spacing--50);padding-right:var(--wp--preset--spacing--50);padding-bottom:var(--wp--preset--spacing--50);padding-left:var(--wp--preset--spacing--50)\">\n<div class=\"wp-block-columns alignwide is-layout-flex wp-container-core-columns-is-layout-1da03c2a wp-block-columns-is-layout-flex\">\n<div class=\"wp-block-column is-vertically-aligned-center is-layout-flow wp-block-column-is-layout-flow\" style=\"flex-basis:60%\">\n<figure class=\"wp-block-image aligncenter size-full is-resized is-style-rounded wp-duotone-duotone-1 is-style-rounded--2\"><img loading=\"lazy\" decoding=\"async\" width=\"427\" height=\"378\" src=\"https:\/\/mehmetsalihboga.com\/wp-content\/uploads\/2025\/12\/2-Idrar-cikisindaki-belirtiler.jpg\" alt=\"\" class=\"wp-image-257\" style=\"aspect-ratio:1.3333333333333333;object-fit:cover;width:564px;height:auto\" srcset=\"https:\/\/mehmetsalihboga.com\/wp-content\/uploads\/2025\/12\/2-Idrar-cikisindaki-belirtiler.jpg 427w, https:\/\/mehmetsalihboga.com\/wp-content\/uploads\/2025\/12\/2-Idrar-cikisindaki-belirtiler-300x266.jpg 300w\" sizes=\"auto, (max-width: 427px) 100vw, 427px\" \/><\/figure>\n<\/div>\n\n\n\n<div class=\"wp-block-column is-layout-flow wp-block-column-is-layout-flow\" style=\"flex-basis:40%\">\n<h2 class=\"wp-block-heading has-text-align-center\"><strong><strong><strong><strong>BPH, mesanenin \u00e7\u0131k\u0131\u015f\u0131nda idrar yoluna bask\u0131 yapabilir, bu da idrar \u00e7\u0131karma s\u00fcrecini zorla\u015ft\u0131rabilir. BPH belirtileri aras\u0131nda \u015funlar yer al\u0131r:<\/strong><\/strong><\/strong><\/strong><\/h2>\n\n\n\n<p class=\"has-text-align-center\">\u0130drar \u00e7\u0131k\u0131\u015f\u0131ndaki belirtiler: D\u00fc\u015f\u00fck miktarda idrar<br><br>S\u0131k s\u0131k idrara \u00e7\u0131kma, gece idrar i\u00e7in uyanma, ani idrar yapma ihtiyac\u0131, idrar yapmakta zorlanma ve idrar yapma s\u00fcresinin uzun olmas\u0131, idrar depolama belirtileridir.<br><br>\u0130\u015feme sonras\u0131 belirtiler aras\u0131nda idrar torbas\u0131n\u0131n (mesanenin) tam olarak bo\u015falmad\u0131\u011f\u0131 duygusu ve istemsiz olarak i\u00e7 \u00e7ama\u015f\u0131r\u0131na idrar ka\u00e7\u0131rma bulunur.<\/p>\n\n\n\n<p class=\"has-text-align-center\">\u0130yi huylu prostat b\u00fcy\u00fcmesi, idrar kanal\u0131 etraf\u0131nda b\u00fcy\u00fcyen prostat bezi nedeniyle idrar ak\u0131m\u0131na izin vermez. Alt idrar yolu sorunlar\u0131, ya\u015fam kalitesi ve idrara \u00e7\u0131kma \u015fekli, iyi huylu prostat b\u00fcy\u00fcmesi nedeniyle bozulabilir. \u0130yi huylu prostat b\u00fcy\u00fcmesi erken te\u015fhis ve tedavi edilmedi\u011finde, mesane ta\u015f\u0131, b\u00f6brek yetmezli\u011fi, tekrarlayan idrar yolu enfeksiyonlar\u0131, kronik irritasyon ve hatta mesane kanseri geli\u015febilir.<\/p>\n\n\n\n<div class=\"wp-block-buttons is-layout-flex wp-block-buttons-is-layout-flex\"><\/div>\n<\/div>\n<\/div>\n<\/div>\n<\/div>\n\n\n\n<div style=\"height:100px\" aria-hidden=\"true\" class=\"wp-block-spacer\"><\/div>\n\n\n\n<p><\/p>\n","protected":false},"excerpt":{"rendered":"<p>BPH ne demektir? T\u00fcrk\u00e7e&#8217;de BPH, iyi huylu prostat b\u00fcy\u00fcmesi anlam\u0131na gelir. BPH, alt idrar yolu sorunlar\u0131na yol a\u00e7abilir, ya\u015fam kalitesini bozabilir ve idrara \u00e7\u0131kma \u015feklini ve d\u00fczenini de\u011fi\u015ftirebilir. Prostat\u0131n b\u00fcy\u00fcmesinin temel nedeni nedir? BPH, erkeklerde ya\u015flanma ve hormonal de\u011fi\u015fikliklerle ba\u011flant\u0131l\u0131d\u0131r. 50&#8217;li ve 60&#8217;l\u0131 ya\u015flardaki erkeklerin yar\u0131s\u0131na yak\u0131n\u0131nda ve daha ileri ya\u015f grubundaki hastalar\u0131n yakla\u015f\u0131k %90&#8217;\u0131nda [&hellip;]<\/p>\n","protected":false},"author":1,"featured_media":0,"parent":0,"menu_order":0,"comment_status":"closed","ping_status":"closed","template":"","meta":{"footnotes":""},"class_list":["post-157","page","type-page","status-publish","hentry"],"_links":{"self":[{"href":"https:\/\/mehmetsalihboga.com\/index.php\/wp-json\/wp\/v2\/pages\/157","targetHints":{"allow":["GET"]}}],"collection":[{"href":"https:\/\/mehmetsalihboga.com\/index.php\/wp-json\/wp\/v2\/pages"}],"about":[{"href":"https:\/\/mehmetsalihboga.com\/index.php\/wp-json\/wp\/v2\/types\/page"}],"author":[{"embeddable":true,"href":"https:\/\/mehmetsalihboga.com\/index.php\/wp-json\/wp\/v2\/users\/1"}],"replies":[{"embeddable":true,"href":"https:\/\/mehmetsalihboga.com\/index.php\/wp-json\/wp\/v2\/comments?post=157"}],"version-history":[{"count":4,"href":"https:\/\/mehmetsalihboga.com\/index.php\/wp-json\/wp\/v2\/pages\/157\/revisions"}],"predecessor-version":[{"id":258,"href":"https:\/\/mehmetsalihboga.com\/index.php\/wp-json\/wp\/v2\/pages\/157\/revisions\/258"}],"wp:attachment":[{"href":"https:\/\/mehmetsalihboga.com\/index.php\/wp-json\/wp\/v2\/media?parent=157"}],"curies":[{"name":"wp","href":"https:\/\/api.w.org\/{rel}","templated":true}]}}