{"id":159,"date":"2025-12-28T11:53:27","date_gmt":"2025-12-28T11:53:27","guid":{"rendered":"https:\/\/mehmetsalihboga.com\/?page_id=159"},"modified":"2025-12-28T21:10:02","modified_gmt":"2025-12-28T21:10:02","slug":"holep-prostat-ameliyati","status":"publish","type":"page","link":"https:\/\/mehmetsalihboga.com\/index.php\/holep-prostat-ameliyati\/","title":{"rendered":"HoLEP Prostat Ameliyat\u0131"},"content":{"rendered":"\n<div class=\"wp-block-group alignfull has-accent-background-color has-background has-global-padding is-layout-constrained wp-container-core-group-is-layout-669513ed wp-block-group-is-layout-constrained\" style=\"margin-top:0;margin-bottom:0;padding-top:var(--wp--preset--spacing--50);padding-right:var(--wp--preset--spacing--50);padding-bottom:var(--wp--preset--spacing--50);padding-left:var(--wp--preset--spacing--50)\">\n<div class=\"wp-block-columns alignwide is-layout-flex wp-container-core-columns-is-layout-1da03c2a wp-block-columns-is-layout-flex\">\n<div class=\"wp-block-column is-vertically-aligned-stretch is-layout-flow wp-block-column-is-layout-flow\" style=\"flex-basis:50%\">\n<div class=\"wp-block-group is-vertical is-content-justification-stretch is-layout-flex wp-container-core-group-is-layout-444d5ee8 wp-block-group-is-layout-flex\" style=\"min-height:100%\">\n<p class=\"has-heading-font-family has-x-large-font-size\" style=\"line-height:1.2\"><strong><strong>Sa\u011fl\u0131kl\u0131 Prostat B\u00fcy\u00fcmesi<\/strong><\/strong><\/p>\n\n\n\n<div class=\"wp-block-group has-global-padding is-content-justification-left is-layout-constrained wp-container-core-group-is-layout-9fe8ed88 wp-block-group-is-layout-constrained\">\n<p class=\"has-text-align-center\">\u0130yi huylu prostat b\u00fcy\u00fcmesi (BPH), ilerleyen ya\u015fla birlikte b\u00fcy\u00fcyen prostat\u0131n etraf\u0131n\u0131 sard\u0131\u011f\u0131 mesanenin (idrar torbas\u0131) \u00e7\u0131k\u0131\u015f\u0131n\u0131 t\u0131kamas\u0131 ve bu da idrar bo\u015falt\u0131m\u0131n\u0131 engellemesidir. 50 ve 60 ya\u015flar\u0131ndaki erkeklerin yakla\u015f\u0131k yar\u0131s\u0131nda ve daha ileri ya\u015ftaki erkeklerin %90&#8217;\u0131na kadar idrar yapma sorunlar\u0131na neden olabilir. En bilinen belirtiler, idrardan kan gelmesi, s\u0131k idrara \u00e7\u0131kma, gece aniden gelen idrara kalkma hissi, zay\u0131f gelen idrar, idrar\u0131n tam olarak bo\u015falt\u0131lamamas\u0131 ve kesik kesik gelen idrard\u0131r. \u0130lerleyen durumlarda m\u00fcdahale gecikirse hastan\u0131n ya\u015fam kalitesi \u00f6nemli \u00f6l\u00e7\u00fcde bozulabilir ve bu da b\u00f6brek yetmezli\u011fi gibi ciddi sa\u011fl\u0131k sorunlar\u0131na yol a\u00e7abilir.<\/p>\n\n\n\n<div class=\"wp-block-buttons is-layout-flex wp-block-buttons-is-layout-flex\"><\/div>\n<\/div>\n<\/div>\n<\/div>\n\n\n\n<div class=\"wp-block-column is-vertically-aligned-center is-layout-flow wp-block-column-is-layout-flow\" style=\"flex-basis:50%\">\n<figure class=\"wp-block-image size-full is-resized is-style-rounded is-style-rounded--1\"><img loading=\"lazy\" decoding=\"async\" width=\"430\" height=\"450\" src=\"https:\/\/mehmetsalihboga.com\/wp-content\/uploads\/2025\/12\/1-Saglikli-Prostat-Buyumesi.jpg\" alt=\"\" class=\"wp-image-242\" style=\"aspect-ratio:0.75;object-fit:cover;width:470px;height:auto\" srcset=\"https:\/\/mehmetsalihboga.com\/wp-content\/uploads\/2025\/12\/1-Saglikli-Prostat-Buyumesi.jpg 430w, https:\/\/mehmetsalihboga.com\/wp-content\/uploads\/2025\/12\/1-Saglikli-Prostat-Buyumesi-287x300.jpg 287w\" sizes=\"auto, (max-width: 430px) 100vw, 430px\" \/><\/figure>\n<\/div>\n<\/div>\n<\/div>\n\n\n\n<div class=\"wp-block-group alignfull has-base-2-background-color has-background has-global-padding is-layout-constrained wp-container-core-group-is-layout-669513ed wp-block-group-is-layout-constrained\" style=\"margin-top:0;margin-bottom:0;padding-top:var(--wp--preset--spacing--50);padding-right:var(--wp--preset--spacing--50);padding-bottom:var(--wp--preset--spacing--50);padding-left:var(--wp--preset--spacing--50)\">\n<div class=\"wp-block-group is-vertical is-content-justification-center is-layout-flex wp-container-core-group-is-layout-ce155fab wp-block-group-is-layout-flex\">\n<h2 class=\"wp-block-heading has-text-align-center has-xx-large-font-size\"><strong><strong><strong><strong>HoLEP Prostat Tedavisi<\/strong><\/strong><\/strong><\/strong><\/h2>\n\n\n\n<p class=\"has-text-align-center\">Holmium lazer enerjisi (HoLEP) teknolojisi kullan\u0131larak b\u00fcy\u00fcm\u00fc\u015f prostat dokusunun kaps\u00fcl\u00fcnden tamamen \u00e7\u0131kar\u0131lmas\u0131 endoskopi y\u00f6ntemiyle ger\u00e7ekle\u015ftirilir. Avrupa ve Amerika&#8217;da k\u0131sa bir s\u00fcrede pop\u00fcler olan &#8220;HoLEP ameliyat\u0131&#8221;, \u00fcroloji literat\u00fcr\u00fcnde yer alan k\u0131lavuzlarda alt\u0131n standart ameliyat y\u00f6ntemi olarak yer al\u0131r. Di\u011fer y\u00f6ntemlere g\u00f6re \u00fcst\u00fcn \u00f6zellikleri nedeniyle de Avrupa ve Amerika&#8217;da pop\u00fcler hale geldi.<br><br>\u0130ngilizce ad\u0131 HoLEP olan &#8220;Holmium Laser Enucleation of Prostate&#8221;, lazer yard\u0131m\u0131yla birlikte b\u00fcy\u00fcm\u00fc\u015f olan prostat i\u00e7 dokusunun (adenom) kaps\u00fclden ayr\u0131lmas\u0131 i\u015flemidir. Herhangi bir kesi yap\u0131lmadan idrar kanal\u0131ndan bir endoskop kullan\u0131larak bu operasyon ger\u00e7ekle\u015ftirilir. Prostat dokusu, lazer y\u00f6ntemi kullan\u0131larak kaps\u00fcl\u00fcnden ayr\u0131ld\u0131ktan sonra idrar torbas\u0131n\u0131n i\u00e7inde k\u00fc\u00e7\u00fck par\u00e7alara ayr\u0131l\u0131r.<\/p>\n<\/div>\n\n\n\n<div style=\"height:100px\" aria-hidden=\"true\" class=\"wp-block-spacer\"><\/div>\n\n\n\n<div style=\"height:var(--wp--preset--spacing--30)\" aria-hidden=\"true\" class=\"wp-block-spacer\"><\/div>\n\n\n\n<div class=\"wp-block-group alignfull has-accent-5-background-color has-background has-global-padding is-layout-constrained wp-container-core-group-is-layout-d89aad35 wp-block-group-is-layout-constrained\" style=\"margin-top:0;margin-bottom:0;padding-top:var(--wp--preset--spacing--50);padding-right:var(--wp--preset--spacing--50);padding-bottom:var(--wp--preset--spacing--50);padding-left:var(--wp--preset--spacing--50)\">\n<div class=\"wp-block-columns alignwide is-layout-flex wp-container-core-columns-is-layout-1da03c2a wp-block-columns-is-layout-flex\">\n<div class=\"wp-block-column is-vertically-aligned-center is-layout-flow wp-block-column-is-layout-flow\" style=\"flex-basis:60%\">\n<figure class=\"wp-block-image aligncenter size-full is-resized is-style-rounded wp-duotone-duotone-1 is-style-rounded--2\"><img loading=\"lazy\" decoding=\"async\" width=\"396\" height=\"424\" src=\"https:\/\/mehmetsalihboga.com\/wp-content\/uploads\/2025\/12\/2-HoLEP-Prostat-Tedavisi.jpg\" alt=\"\" class=\"wp-image-243\" style=\"aspect-ratio:1.3333333333333333;object-fit:cover;width:564px;height:auto\" srcset=\"https:\/\/mehmetsalihboga.com\/wp-content\/uploads\/2025\/12\/2-HoLEP-Prostat-Tedavisi.jpg 396w, https:\/\/mehmetsalihboga.com\/wp-content\/uploads\/2025\/12\/2-HoLEP-Prostat-Tedavisi-280x300.jpg 280w\" sizes=\"auto, (max-width: 396px) 100vw, 396px\" \/><\/figure>\n<\/div>\n\n\n\n<div class=\"wp-block-column is-layout-flow wp-block-column-is-layout-flow\" style=\"flex-basis:40%\">\n<h2 class=\"wp-block-heading has-text-align-center\"><strong><strong><strong><strong><strong>Di\u011fer kapal\u0131 y\u00f6ntemlerle kar\u015f\u0131la\u015ft\u0131r\u0131ld\u0131\u011f\u0131nda avantajlar\u0131 nelerdir?<\/strong><\/strong><\/strong><\/strong><\/strong><\/h2>\n\n\n\n<p class=\"has-text-align-center\">Bu teknik, TUR ve Greenlight gibi di\u011fer kapal\u0131 prostat ameliyatlar\u0131na g\u00f6re \u00f6nemli bir avantaj sa\u011flar. HoLEP ameliyat\u0131nda prostat dokusunun kaps\u00fcl\u00fc d\u0131\u015far\u0131s\u0131nda kalan k\u0131sm\u0131 \u00e7\u0131kar\u0131ld\u0131\u011f\u0131ndan, hastal\u0131\u011f\u0131n tekrarlanmas\u0131 neredeyse yoktur.<br><br>TUR ve Greenlight gibi kapal\u0131 y\u00f6ntemler kullan\u0131larak yap\u0131lan ameliyatlar, prostat dokusunun tamamen \u00e7\u0131kar\u0131lamamas\u0131 nedeniyle, \u00f6zellikle b\u00fcy\u00fck prostatlarda HoLEP ile kar\u015f\u0131la\u015ft\u0131r\u0131ld\u0131\u011f\u0131nda sonu\u00e7lar olumlu olmayabilir. Bu ameliyatlardan sonra kalan prostat dokusu zamanla b\u00fcy\u00fcyebilir ve bir s\u00fcre sonra tekrar benzer \u015fikayetlere neden olabilir.<\/p>\n\n\n\n<div class=\"wp-block-buttons is-layout-flex wp-block-buttons-is-layout-flex\"><\/div>\n<\/div>\n<\/div>\n<\/div>\n<\/div>\n\n\n\n<div style=\"height:100px\" aria-hidden=\"true\" class=\"wp-block-spacer\"><\/div>\n\n\n\n<div class=\"wp-block-columns alignwide are-vertically-aligned-center is-layout-flex wp-container-core-columns-is-layout-47c06fe3 wp-block-columns-is-layout-flex\">\n<div class=\"wp-block-column is-vertically-aligned-center is-layout-flow wp-block-column-is-layout-flow\" style=\"flex-basis:50%\">\n<h2 class=\"wp-block-heading has-text-align-center\"><strong><strong>Ameliyat\u0131n ard\u0131ndan cinsel ya\u015fam ve idrar ka\u00e7\u0131rma sorunlar\u0131 ortaya \u00e7\u0131kar m\u0131?<\/strong><\/strong><\/h2>\n\n\n\n<p class=\"has-text-align-center is-style-checkmark-list\">HoLEP ameliyat\u0131 s\u0131ras\u0131nda kullan\u0131lan lazer enerjisi doku derinli\u011fini \u00f6nemli \u00f6l\u00e7\u00fcde etkilemez. Bu nedenle, prostat\u0131n d\u0131\u015f\u0131nda seyreden ve sertle\u015fmeyi sa\u011flayan sinirler etkilenmez ve ameliyat sonras\u0131 cinsel i\u015flev bozuklu\u011fu gibi sorunlar da ortaya \u00e7\u0131kmaz. Ameliyatla m\u00fcdahale edilen b\u00f6lgede, idrar\u0131 tutmay\u0131 sa\u011flayan sfinkter ad\u0131 verilen yap\u0131 korundu\u011fu i\u00e7in ameliyat sonras\u0131 idrar ka\u00e7\u0131rma gibi sorunlar s\u0131kl\u0131kla g\u00f6r\u00fclmez.<\/p>\n<\/div>\n\n\n\n<div class=\"wp-block-column is-vertically-aligned-center is-layout-flow wp-block-column-is-layout-flow\" style=\"flex-basis:50%\">\n<figure class=\"wp-block-image size-full is-resized is-style-rounded is-style-rounded--3\"><img loading=\"lazy\" decoding=\"async\" width=\"453\" height=\"271\" src=\"https:\/\/mehmetsalihboga.com\/wp-content\/uploads\/2025\/12\/3-Ameliyatin-ardindan-cinsel.jpg\" alt=\"\" class=\"wp-image-245\" style=\"aspect-ratio:1.3333333333333333;object-fit:cover;width:470px;height:auto\" srcset=\"https:\/\/mehmetsalihboga.com\/wp-content\/uploads\/2025\/12\/3-Ameliyatin-ardindan-cinsel.jpg 453w, https:\/\/mehmetsalihboga.com\/wp-content\/uploads\/2025\/12\/3-Ameliyatin-ardindan-cinsel-300x179.jpg 300w\" sizes=\"auto, (max-width: 453px) 100vw, 453px\" \/><\/figure>\n<\/div>\n<\/div>\n\n\n\n<div style=\"height:100px\" aria-hidden=\"true\" class=\"wp-block-spacer\"><\/div>\n\n\n\n<div class=\"wp-block-group alignfull has-base-2-background-color has-background has-global-padding is-layout-constrained wp-container-core-group-is-layout-669513ed wp-block-group-is-layout-constrained\" style=\"margin-top:0;margin-bottom:0;padding-top:var(--wp--preset--spacing--50);padding-right:var(--wp--preset--spacing--50);padding-bottom:var(--wp--preset--spacing--50);padding-left:var(--wp--preset--spacing--50)\">\n<div class=\"wp-block-group is-vertical is-content-justification-center is-layout-flex wp-container-core-group-is-layout-ce155fab wp-block-group-is-layout-flex\">\n<h2 class=\"wp-block-heading has-text-align-center has-xx-large-font-size\"><strong><strong><strong>A\u00e7\u0131k prostat ameliyat\u0131 ile kar\u015f\u0131la\u015ft\u0131r\u0131ld\u0131\u011f\u0131nda avantajlar\u0131 nelerdir?<\/strong><\/strong><\/strong><\/h2>\n\n\n\n<p class=\"has-text-align-center\">Bu operasyon, a\u00e7\u0131k prostat ameliyat\u0131na benzer ancak herhangi bir kesi olmadan tamamen kapal\u0131 olarak yap\u0131l\u0131r. Bununla birlikte, a\u00e7\u0131k prostat ameliyat\u0131na g\u00f6re kanama miktar\u0131 daha d\u00fc\u015f\u00fckt\u00fcr. Sonda kal\u0131\u015f ve hastanede yat\u0131\u015f s\u00fcreleri de k\u0131sal\u0131r.<br><br><br>A\u00e7\u0131k ameliyata g\u00f6re daha rahat ve h\u0131zl\u0131 iyile\u015fen hastalar erken d\u00f6nemde g\u00fcnl\u00fck hayatlar\u0131na d\u00f6nebilir. A\u00e7\u0131k prostat ameliyat\u0131na g\u00f6re daha iyi sonu\u00e7lar elde etmek i\u00e7in geni\u015f g\u00f6r\u00fc\u015f alt\u0131nda g\u00f6zle g\u00f6r\u00fcl\u00fcr bir operasyon i\u00e7in i\u00e7eride hi\u00e7 doku kalmamas\u0131na b\u00fcy\u00fck \u00f6nem verilir.<\/p>\n<\/div>\n\n\n\n<div style=\"height:100px\" aria-hidden=\"true\" class=\"wp-block-spacer\"><\/div>\n\n\n\n<div style=\"height:var(--wp--preset--spacing--30)\" aria-hidden=\"true\" class=\"wp-block-spacer\"><\/div>\n<\/div>\n\n\n\n<p><\/p>\n","protected":false},"excerpt":{"rendered":"<p>Sa\u011fl\u0131kl\u0131 Prostat B\u00fcy\u00fcmesi \u0130yi huylu prostat b\u00fcy\u00fcmesi (BPH), ilerleyen ya\u015fla birlikte b\u00fcy\u00fcyen prostat\u0131n etraf\u0131n\u0131 sard\u0131\u011f\u0131 mesanenin (idrar torbas\u0131) \u00e7\u0131k\u0131\u015f\u0131n\u0131 t\u0131kamas\u0131 ve bu da idrar bo\u015falt\u0131m\u0131n\u0131 engellemesidir. 50 ve 60 ya\u015flar\u0131ndaki erkeklerin yakla\u015f\u0131k yar\u0131s\u0131nda ve daha ileri ya\u015ftaki erkeklerin %90&#8217;\u0131na kadar idrar yapma sorunlar\u0131na neden olabilir. En bilinen belirtiler, idrardan kan gelmesi, s\u0131k idrara \u00e7\u0131kma, gece [&hellip;]<\/p>\n","protected":false},"author":1,"featured_media":0,"parent":0,"menu_order":0,"comment_status":"closed","ping_status":"closed","template":"","meta":{"footnotes":""},"class_list":["post-159","page","type-page","status-publish","hentry"],"_links":{"self":[{"href":"https:\/\/mehmetsalihboga.com\/index.php\/wp-json\/wp\/v2\/pages\/159","targetHints":{"allow":["GET"]}}],"collection":[{"href":"https:\/\/mehmetsalihboga.com\/index.php\/wp-json\/wp\/v2\/pages"}],"about":[{"href":"https:\/\/mehmetsalihboga.com\/index.php\/wp-json\/wp\/v2\/types\/page"}],"author":[{"embeddable":true,"href":"https:\/\/mehmetsalihboga.com\/index.php\/wp-json\/wp\/v2\/users\/1"}],"replies":[{"embeddable":true,"href":"https:\/\/mehmetsalihboga.com\/index.php\/wp-json\/wp\/v2\/comments?post=159"}],"version-history":[{"count":4,"href":"https:\/\/mehmetsalihboga.com\/index.php\/wp-json\/wp\/v2\/pages\/159\/revisions"}],"predecessor-version":[{"id":246,"href":"https:\/\/mehmetsalihboga.com\/index.php\/wp-json\/wp\/v2\/pages\/159\/revisions\/246"}],"wp:attachment":[{"href":"https:\/\/mehmetsalihboga.com\/index.php\/wp-json\/wp\/v2\/media?parent=159"}],"curies":[{"name":"wp","href":"https:\/\/api.w.org\/{rel}","templated":true}]}}